te number?
False
Is 8814941 prime?
True
Is 1935881 a prime number?
True
Is 24932839 a prime number?
False
Is 454577 a prime number?
True
Is 7542677 a prime number?
False
Is 71913559 prime?
True
Is 20466161 composite?
True
Is 440387 prime?
False
Is 442525813 prime?
True
Is 60953227 prime?
True
Is 5124241 composite?
True
Is 5144581 prime?
False
Is 134115403 a composite number?
True
Is 1354007 a prime number?
True
Is 279842683 a composite number?
True
Is 62289371 composite?
True
Is 1229071 prime?
True
Is 4946189 prime?
True
Is 17953795 composite?
True
Is 77576647 prime?
False
Is 10228627 a prime number?
True
Is 36417919 prime?
True
Is 42919691 prime?
True
Is 275631299 composite?
False
Is 3718157 composite?
True
Is 16984991 a composite number?
True
Is 249699889 a prime number?
False
Is 415813351 a prime number?
True
Is 5504963 a composite number?
True
Is 11103229 a composite number?
True
Is 33621857 composite?
False
Is 553127 a prime number?
False
Is 142940451 a prime number?
False
Is 27984127 composite?
False
Is 2992454 composite?
True
Is 710777 composite?
False
Is 4474843 composite?
True
Is 3723307 a prime number?
False
Is 437989121 composite?
True
Is 3625649 a composite number?
False
Is 184746229 prime?
False
Is 709131 a prime number?
False
Is 15691105 a prime number?
False
Is 106606649 a composite number?
False
Is 6478405 a composite number?
True
Is 376745783 a composite number?
True
Is 2160523 composite?
True
Is 418818361 a prime number?
False
Is 311252131 prime?
True
Is 51019931 prime?
True
Is 191621 a composite number?
False
Is 21717139 a prime number?
True
Is 29082013 a composite number?
False
Is 6126391 a composite number?
False
Is 30906071 a prime number?
False
Is 1101467 prime?
True
Is 51362153 prime?
False
Is 66728827 composite?
True
Is 2788007 a prime number?
True
Is 54161749 a composite number?
False
Is 12807337 a prime number?
True
Is 334395029 a prime number?
True
Is 29217823 composite?
False
Is 1380607 a composite number?
False
Is 1511408633 a composite number?
True
Is 8925233 composite?
False
Is 359164361 a prime number?
True
Is 80979901 a prime number?
False
Is 8293919 a prime number?
False
Is 782543 a composite number?
True
Is 8646802 a composite number?
True
Is 10905239 a composite number?
True
Is 48695027 a composite number?
True
Is 103282697 a composite number?
True
Is 213253 composite?
False
Is 134690903 prime?
True
Is 4146119 composite?
False
Is 665581441 composite?
True
Is 62657 a composite number?
True
Is 14603 a prime number?
False
Is 457901 a prime number?
False
Is 676902389 a composite number?
False
Is 7547383 prime?
False
Is 6820277 a composite number?
False
Is 1882183 a prime number?
True
Is 8077769 prime?
False
Is 17412907 a composite number?
False
Is 2340431 a composite number?
False
Is 786728543 composite?
False
Is 3400487 a composite number?
True
Is 6756749 prime?
False
Is 134171 composite?
False
Is 63718565 prime?
False
Is 557717 a prime number?
True
Is 1603633 composite?
True
Is 1273043 prime?
False
Is 6899 a composite number?
False
Is 57570427 composite?
True
Is 88196349 prime?
False
Is 5510657 a composite number?
True
Is 57650639 a composite number?
False
Is 461917 prime?
True
Is 18871897 a composite number?
True
Is 1787603 a composite number?
False
Is 16522171 a composite number?
False
Is 1190671 composite?
False
Is 10152193 a prime number?
False
Is 117385717 composite?
False
Is 2244711959 a prime number?
False
Is 1660231 prime?
True
Is 118185077 composite?
True
Is 12017609 composite?
False
Is 63194797 a prime number?
False
Is 556273309 a composite number?
True
Is 44125219 a composite number?
False
Is 36096911 composite?
False
Is 7958001 a prime number?
False
Is 76779233 prime?
False
Is 122898761 composite?
True
Is 77954423 prime?
True
Is 231131161 a prime number?
False
Is 918769 prime?
False
Is 150524893 prime?
True
Is 20311147 prime?
False
Is 101095759 composite?
False
Is 110465 prime?
False
Is 119930761 composite?
False
Is 321163 a composite number?
False
Is 9561839 a prime number?
False
Is 4849345 prime?
False
Is 49485127 prime?
True
Is 64643365 a prime number?
False
Is 23427307 prime?
False
Is 243720718 composite?
True
Is 25577261 composite?
False
Is 26060269 a prime number?
False
Is 1372515637 composite?
True
Is 42589 a prime number?
True
Is 688922777 prime?
True
Is 32511241 a prime number?
False
Is 75634367 prime?
True
Is 11502707 a prime number?
True
Is 4243237 prime?
True
Is 5018005 prime?
False
Is 16371881 prime?
False
Is 13227557 a composite number?
True
Is 101172151 composite?
True
Is 662743 prime?
True
Is 446323 a composite number?
False
Is 18276223 prime?
False
Is 588204031 composite?
False
Is 122769143 prime?
False
Is 1899797 composite?
False
Is 3383617 a prime number?
True
Is 49375159 composite?
True
Is 59720867 a prime number?
False
Is 22282553 prime?
True
Is 13600091 a composite number?
False
Is 1216322 a composite number?
True
Is 403703 composite?
False
Is 150540337 a composite number?
True
Is 608114173 composite?
True
Is 4020977 a composite number?
False
Is 294851 composite?
True
Is 800602295 composite?
True
Is 22185803 prime?
True
Is 7053485 a prime number?
False
Is 4400737 a prime number?
False
Is 20008127 composite?
False
Is 804321283 a prime number?
True
Is 38623981 composite?
True
Is 49253749 a composite number?
False
Is 2534419 a composite number?
False
Is 9767 prime?
True
Is 12187193 a prime number?
False
Is 68358269 a composite number?
True
Is 178005413 a prime number?
True
Is 12745973 a prime number?
True
Is 1365497 a composite number?
True
Is 623477 a prime number?
True
Is 3994017 a prime number?
False
Is 2630841 a composite number?
True
Is 6074821 a prime number?
True
Is 1638795211 a prime number?
False
Is 18897881 prime?
False
Is 874983 composite?
True
Is 14856763 composite?
False
Is 69303977 a composite number?
False
Is 10149319 prime?
False
Is 2285779 prime?
True
Is 754036841 a prime number?
True
Is 28791514 composite?
True
Is 10892789 prime?
False
Is 5478757 a prime number?
False
Is 264775899 prime?
False
Is 16174241 a prime number?
False
Is 407258573 composite?
True
Is 9511727 composite?
False
Is 1550563 a composite number?
True
Is 1522319 prime?
False
Is 2579713 prime?
False
Is 113125073 a prime number?
True
Is 470863 composite?
False
Is 7466917 a prime number?
True
Is 737964443 composite?
True
Is 5106887 a prime number?
False
Is 1379029 a prime number?
True
Is 3605377 a composite number?
True
Is 1675931 composite?
False
Is 178027747 prime?
True
Is 43746061 composite?
False
Is 25216045 prime?
False
Is 23634311 prime?
False
Is 107801273 a prime number?
False
Is 497469397 a prime number?
False
Is 9183761 prime?
True
Is 29349127 composite?
True
Is 55832979 a composite number?
True
Is 215299 a composite number?
True
Is 31536413 a composite number?
True
Is 121912471 prime?
True
Is 9593033 a composite number?
False
Is 98143077 a composite number?
True
Is 23220029 prime?
False
Is 18289729 a composite number?
True
Is 386407 composite?
True
Is 24862163 prime?
True
Is 18993449 composite?
False
Is 84474127 a prime number?
False
Is 43073083 composite?
True
Is 3602237 a composite number?
True
Is 24805157 a composite number?
True
Is 78782989 prime?
False
Is 44494 a composite number?
True
Is 2559247 prime?
True
Is 93923 a prime number?
True
Is 45654311 composite?
True
Is 24449331 prime?
False
Is 4686029 a composite number?
False
Is 4128329 prime?
False
Is 1397681 prime?
True
Is 4666589 a composite number?
False
Is 570359 a composite number?
False
Is 41880751 composite?
True
Is 41381 a composite number?
False
Is 6665689 composite?
False
Is 3509686 prime?
False
Is 2298577 a prime number?
True
Is 3643699 prime?
True
Is 165041873 prime?
True
Is 6637159 prime?
True
Is 35818115 prime?
False
Is 4762994 composite?
True
Is 9524443 composite?
False
Is 23064323 a composite number?
False
Is 1056007 a prime number?
True
Is 83086609 a composite number?
True
Is 724448539 prime?
True
Is 23714105 composite?
True
Is 17616167 a prime number?
True
Is 4400479 a prime number?
False
Is 7450849 prime?
False
Is 41328431 prime?
False
Is 558149 a prime number?
True
Is 22696801 prime?
True
Is 35902277 a composite number?
False
Is 21775753 prime?
True
Is 109095457 prime?
False
Is 557662751 composite?
True
Is 